{"id":13,"date":"2020-02-26T11:41:04","date_gmt":"2020-02-26T10:41:04","guid":{"rendered":"http:\/\/obwodnicawielunia.pl\/?page_id=13"},"modified":"2026-01-23T11:45:35","modified_gmt":"2026-01-23T10:45:35","slug":"przedmiot-inwestycji","status":"publish","type":"page","link":"http:\/\/obwodnicawielunia.pl\/?page_id=13","title":{"rendered":"Przedmiot inwestycji"},"content":{"rendered":"<p>[ps2id id=&#8217;przedmiot&#8217;]<\/p>\n<h2>Przedmiotem inwestycji jest<\/h2>\n<p>Opracowanie Studium Korytarzowego i Studium Techniczno-Ekonomiczno-\u015arodowiskowego z elementami Koncepcji Programowej wraz z materia\u0142ami do uzyskania Decyzji o \u015arodowiskowych Uwarunkowaniach dla zadania \u201eBudowa obwodnicy Wielunia w ci\u0105gu drogi krajowej nr 45\u201d<\/p>\n<h2>Warto\u015b\u0107 zadnia: 3 305 324,00 z\u0142otych brutto<br \/>\nTermin realizacji: 17.07.2027<\/h2>\n<p>&nbsp;<\/p>\n<p>[\/ps2id]<\/p>\n ","protected":false},"excerpt":{"rendered":"<p>[ps2id id=&#8217;przedmiot&#8217;] Przedmiotem inwestycji jest Opracowanie Studium Korytarzowego i Studium Techniczno-Ekonomiczno-\u015arodowiskowego z elementami Koncepcji Programowej wraz z materia\u0142ami do uzyskania Decyzji o \u015arodowiskowych Uwarunkowaniach dla zadania \u201eBudowa obwodnicy Wielunia w ci\u0105gu drogi krajowej nr 45\u201d Warto\u015b\u0107 zadnia: 3 305 324,00 z\u0142otych brutto Termin realizacji: 17.07.2027 &nbsp; [\/ps2id]<\/p>\n","protected":false},"author":1,"featured_media":0,"parent":0,"menu_order":0,"comment_status":"closed","ping_status":"closed","template":"","meta":{"ngg_post_thumbnail":0},"_links":{"self":[{"href":"http:\/\/obwodnicawielunia.pl\/index.php?rest_route=\/wp\/v2\/pages\/13"}],"collection":[{"href":"http:\/\/obwodnicawielunia.pl\/index.php?rest_route=\/wp\/v2\/pages"}],"about":[{"href":"http:\/\/obwodnicawielunia.pl\/index.php?rest_route=\/wp\/v2\/types\/page"}],"author":[{"embeddable":true,"href":"http:\/\/obwodnicawielunia.pl\/index.php?rest_route=\/wp\/v2\/users\/1"}],"replies":[{"embeddable":true,"href":"http:\/\/obwodnicawielunia.pl\/index.php?rest_route=%2Fwp%2Fv2%2Fcomments&post=13"}],"version-history":[{"count":28,"href":"http:\/\/obwodnicawielunia.pl\/index.php?rest_route=\/wp\/v2\/pages\/13\/revisions"}],"predecessor-version":[{"id":926,"href":"http:\/\/obwodnicawielunia.pl\/index.php?rest_route=\/wp\/v2\/pages\/13\/revisions\/926"}],"wp:attachment":[{"href":"http:\/\/obwodnicawielunia.pl\/index.php?rest_route=%2Fwp%2Fv2%2Fmedia&parent=13"}],"curies":[{"name":"wp","href":"https:\/\/api.w.org\/{rel}","templated":true}]}}