{"id":762,"date":"2022-06-15T13:50:25","date_gmt":"2022-06-15T11:50:25","guid":{"rendered":"http:\/\/obwodnicawielunia.pl\/?page_id=762"},"modified":"2022-06-15T17:18:50","modified_gmt":"2022-06-15T15:18:50","slug":"stes-2-tura-spotkan","status":"publish","type":"page","link":"http:\/\/obwodnicawielunia.pl\/?page_id=762","title":{"rendered":"STE\u015a &#8211; 2 tura spotka\u0144"},"content":{"rendered":"<p><a href=\"http:\/\/obwodnicawielunia.pl\/wp-content\/uploads\/2022\/06\/00_orientacja_ortoroto-0-s2ts.pdf\">00_orientacja_ortoroto-0<\/a><\/p>\n<p><a href=\"http:\/\/obwodnicawielunia.pl\/wp-content\/uploads\/2022\/06\/00_orientacja-0-s2ts.pdf\">00_orientacja-0<\/a><\/p>\n<p><a href=\"http:\/\/obwodnicawielunia.pl\/wp-content\/uploads\/2022\/06\/d_legenda-1-s2ts.pdf\">d_legenda-1<\/a><\/p>\n<p><a href=\"http:\/\/obwodnicawielunia.pl\/wp-content\/uploads\/2022\/06\/STES_ogloszenie_Wielun_2-s2ts.pdf\">STES_og\u0142oszenie_Wielun_2<\/a><\/p>\n<p><a href=\"http:\/\/obwodnicawielunia.pl\/wp-content\/uploads\/2022\/06\/STES_plakat_Wielun-s2ts.pdf\">STES_plakat_Wielun<\/a><\/p>\n<p><a href=\"http:\/\/obwodnicawielunia.pl\/wp-content\/uploads\/2022\/06\/STES_ulotka_Wielun_2-s2ts.pdf\">STES_ulotka_Wielu\u0144_2<\/a><\/p>\n<p><a href=\"http:\/\/obwodnicawielunia.pl\/wp-content\/uploads\/2022\/06\/STES_Wniosek-wlascicieli-gruntow-Wielun_2-s2ts.pdf\">STES_Wniosek w\u0142a\u015bcicieli grunt\u00f3w Wielun_2<\/a><\/p>\n<p><a href=\"http:\/\/obwodnicawielunia.pl\/wp-content\/uploads\/2022\/06\/W1_Plany-sytuacyjne_Optimizeds2ts.pdf\">W1_Plany sytuacyjne<\/a><\/p>\n<p><a href=\"http:\/\/obwodnicawielunia.pl\/wp-content\/uploads\/2022\/06\/W2_Plany-sytuacyjne_Optimizeds2ts.pdf\">W2_Plany sytuacyjne<\/a><\/p>\n<p><a href=\"http:\/\/obwodnicawielunia.pl\/wp-content\/uploads\/2022\/06\/W3_Plany-sytuacyjne_Optimizeds2ts.pdf\">W3_Plany sytuacyjne<\/a><\/p>\n ","protected":false},"excerpt":{"rendered":"<p>00_orientacja_ortoroto-0 00_orientacja-0 d_legenda-1 STES_og\u0142oszenie_Wielun_2 STES_plakat_Wielun STES_ulotka_Wielu\u0144_2 STES_Wniosek w\u0142a\u015bcicieli grunt\u00f3w Wielun_2 W1_Plany sytuacyjne W2_Plany sytuacyjne W3_Plany sytuacyjne<\/p>\n","protected":false},"author":1,"featured_media":0,"parent":0,"menu_order":0,"comment_status":"closed","ping_status":"closed","template":"","meta":{"ngg_post_thumbnail":0},"_links":{"self":[{"href":"http:\/\/obwodnicawielunia.pl\/index.php?rest_route=\/wp\/v2\/pages\/762"}],"collection":[{"href":"http:\/\/obwodnicawielunia.pl\/index.php?rest_route=\/wp\/v2\/pages"}],"about":[{"href":"http:\/\/obwodnicawielunia.pl\/index.php?rest_route=\/wp\/v2\/types\/page"}],"author":[{"embeddable":true,"href":"http:\/\/obwodnicawielunia.pl\/index.php?rest_route=\/wp\/v2\/users\/1"}],"replies":[{"embeddable":true,"href":"http:\/\/obwodnicawielunia.pl\/index.php?rest_route=%2Fwp%2Fv2%2Fcomments&post=762"}],"version-history":[{"count":6,"href":"http:\/\/obwodnicawielunia.pl\/index.php?rest_route=\/wp\/v2\/pages\/762\/revisions"}],"predecessor-version":[{"id":788,"href":"http:\/\/obwodnicawielunia.pl\/index.php?rest_route=\/wp\/v2\/pages\/762\/revisions\/788"}],"wp:attachment":[{"href":"http:\/\/obwodnicawielunia.pl\/index.php?rest_route=%2Fwp%2Fv2%2Fmedia&parent=762"}],"curies":[{"name":"wp","href":"https:\/\/api.w.org\/{rel}","templated":true}]}}